t common factor of k and 16.
2
Let k(h) = -43*h - 6. Let l be k(-1). What is the greatest common divisor of 37 and l?
37
Suppose r = 4*r - 540. What is the highest common divisor of r and 20?
20
Let o(g) = 7*g - 2. Suppose 6*k - 20 = k, 4*z - 48 = -k. Suppose -4*v - z = -31. Let h be o(v). Calculate the highest common factor of h and 11.
11
Let d(p) = -7*p**2 + 3*p + 10. Let s(h) = 6*h**2 - 2*h - 9. Let n(u) = 5*d(u) + 6*s(u). Let v be n(-5). What is the greatest common divisor of 6 and v?
6
Let u(s) be the third derivative of s**5/60 + 5*s**4/24 - 3*s**3/2 - 7*s**2. Let k be u(-9). What is the greatest common divisor of 3 and k?
3
Let c = 58 + -36. Calculate the greatest common factor of 154 and c.
22
Let r(h) = 6*h + 4. Let k = 3 - -5. Suppose c = 3*c - k. Let z be r(c). Calculate the greatest common divisor of 4 and z.
4
Suppose 0 = 4*a - 4*h + 392, 5 = 2*h - 3. Let z be 2806/(-10) - (-14)/(-35). Let f = a - z. Calculate the greatest common divisor of f and 17.
17
Suppose -f + 1 + 2 = 0. Suppose -s + 40 = l, -l - 240 = -6*l + f*s. Let j be (-6)/(-1) - 2/2. Calculate the highest common divisor of l and j.
5
Suppose -4*g + 195 + 5 = 0. Suppose -4*c + g = c. Calculate the highest common divisor of 80 and c.
10
Let i be 6/(-4) + 6/(-4). Let s(t) = 7*t**2 - 3*t + 3. Let l be s(i). Suppose -4*w = -4, -2*j + 94 = j + 4*w. What is the highest common divisor of l and j?
15
Suppose 4*i + 268 = 4*h, -i - 2*h - 65 = -h. Let m be ((-3)/2)/(3/i). What is the greatest common divisor of 22 and m?
11
Let z = -2 - -12. Calculate the highest common divisor of z and 4.
2
Suppose 5 = 2*y - 3*a, -2*y + 6 = -y - 5*a. Calculate the highest common divisor of 3 and y.
1
Suppose 4*r = -16, 0*r - 2*r = -x + 21. Suppose 0 = -3*z - 0*z + 351. What is the greatest common factor of x and z?
13
Let g(w) = -w**2 - 4*w - 1. Let p be g(-3). Suppose -10 = p*d - 62. Calculate the greatest common factor of d and 65.
13
Suppose -3*o + 2*i - 150 = -704, -4*o = 4*i - 732. Suppose o = 4*t + 16. Calculate the highest common divisor of 21 and t.
21
Let h = -12 - -17. Suppose h = a - 1. What is the highest common divisor of a and 42?
6
Suppose 0 = 2*f - 0*h - h - 8, 2*h = -f + 9. Calculate the highest common factor of 25 and f.
5
Let k be (-1 + 49)/((-2)/(-6)). Suppose -m = 2*m - k. Let o = -149 + 165. Calculate the highest common factor of m and o.
16
Let n = -96 + 121. What is the highest common divisor of 100 and n?
25
Let t = 24 - 6. Let j = -62 + 25. Let r = j + 64. Calculate the highest common divisor of t and r.
9
Let c be 4 + -7 + (-2 - -16). What is the greatest common divisor of c and 33?
11
Let f be (-4)/(-22) - (-60)/33. Suppose -f*u + 3*u - 8 = 0. What is the greatest common divisor of 16 and u?
8
Suppose 19*s - 33*s + 6468 = 0. Calculate the highest common factor of 42 and s.
42
Let x be (8/6)/((-2)/(-12)). What is the highest common factor of 4 and x?
4
Suppose -2*x = 3 - 1, -494 = -5*l - x. Calculate the greatest common divisor of l and 22.
11
Suppose 0*j + 4*j = 4*f + 44, -38 = -4*j - 2*f. What is the greatest common factor of 40 and j?
10
Let s be (-961)/(-4) + 1/(-4). What is the greatest common factor of s and 30?
30
Let g = 79 - 51. Suppose -14 = -3*t - 5. Suppose 5 = -d, -o + 141 = 2*o - t*d. What is the highest common factor of g and o?
14
Let h = 4 - 10. Let f = h + 9. What is the greatest common factor of 24 and f?
3
Suppose -2*s = -10, -5*m + 3*s = -0*m - 1140. What is the greatest common divisor of m and 21?
21
Suppose 3*v = 4*g + 32, -g = -3*v - 3*g + 38. What is the highest common divisor of v and 60?
12
Let p = -5 + 10. Let k(a) = -a**3 + 5*a**2 + 5*a - 1. Let r be k(4). What is the highest common factor of p and r?
5
Let b = 45 + -27. Let c be (-44)/(-6) + 12/b. Calculate the highest common factor of c and 32.
8
Let h = 11 - 8. Suppose 0 = k - h. Calculate the greatest common factor of k and 33.
3
Suppose 0 = -2*f + 101 + 43. What is the highest common divisor of f and 8?
8
Let j = -76 + 100. Calculate the highest common divisor of 3 and j.
3
Suppose 189 - 69 = 5*w. Let x be 0 - (1*-2 + -14). What is the greatest common divisor of w and x?
8
Let y be ((-4)/(-3))/(1/6). Let k(v) = -2*v + 3. Let l be k(1). Calculate the highest common divisor of l and y.
1
Suppose 11 = -z + 2*z. Let a(p) = p - 5. Let m be a(5). Suppose -x - 3*h + 21 = m, -3*h = 2*x + x - 87. What is the greatest common factor of z and x?
11
Suppose 161*g - 60 = 157*g. What is the greatest common factor of g and 60?
15
Suppose 0 = -n - 5*m + 176, -m - 176 = -n + 2*m. What is the highest common factor of n and 22?
22
Let m = -18 - -31. Let c = 26 + m. Suppose -3*l + 24 + c = 0. Calculate the highest common factor of 14 and l.
7
Suppose -2*d = 3*w - 10, 5*d - 22 = -4*w - 4. Suppose -4*r - 78 = -9*r - 2*g, -g = d*r - 31. Calculate the greatest common divisor of r and 40.
8
Suppose 2*z = -3*s + 80, 4*z - 88 = 4*s + 72. Let q(u) = -u**3 - 5*u**2 - 5*u + 4. Let l be q(-4). What is the greatest common factor of z and l?
8
Suppose -3*i = -15, 0*z + 26 = 2*z - 2*i. Let x = -15 + 24. Calculate the highest common divisor of z and x.
9
Let u(w) = 3*w**2 - 4*w - 10. Let l be u(-5). What is the highest common divisor of l and 17?
17
Let c(f) = -f**2 - 3*f + 2. Let a be c(-3). Suppose t = a*u + 8, 0*t + 2*u + 8 = 5*t. Suppose t = w - 0 - 5. Calculate the highest common divisor of 5 and w.
5
Let y be 2*2/4 + 0. Let o(k) = 10*k. Let f be o(y). Suppose 0 = -3*q + 231 - 21. Calculate the greatest common factor of q and f.
10
Suppose -5*q - r + 34 = 0, -q + 0*q = -2*r + 2. What is the highest common factor of 3 and q?
3
Let p = -4 - -25. Calculate the greatest common divisor of p and 189.
21
Suppose 57*f = 61*f - 20. Let x = 3 + 2. What is the greatest common factor of f and x?
5
Let m = 139 - 83. Calculate the highest common divisor of 140 and m.
28
Let b be 456/60*25/10. Let w be (-133)/(1*-1*1). Calculate the greatest common factor of w and b.
19
Let o be ((-3)/(-2))/((-6)/(-80)). Suppose 5*f - 459 = -159. What is the highest common factor of o and f?
20
Let m(v) = 12*v + 3. Let d be m(-2). Let z = d - -30. Calculate the highest common factor of 72 and z.
9
Suppose 0*d + d = -5. Let g = 25 - d. What is the greatest common factor of g and 30?
30
Suppose -4*d + 29 = 5*k, 6*d + 2*k = d + 15. Suppose -4 = -p + d. Suppose -50 = -3*c + 3*s - 7*s, 5*c - p*s = 25. What is the highest common factor of c and 90?
10
Let p(c) = 10*c - 2. Let a be p(5). Calculate the greatest common divisor of 6 and a.
6
Let z = 6 + -5. Let f = -12 + 25. Let v = z + f. Calculate the greatest common factor of 2 and v.
2
Let d = -2 - -12. Suppose -2*h + 3*x = -40, -5*h = -2*x + 57 - 157. What is the greatest common divisor of d and h?
10
Let h be (-1 + -5)*11/(-2). What is the highest common factor of h and 3?
3
Let c = -24 + 27. What is the highest common divisor of c and 6?
3
Suppose 5*w - 2*m - 489 = 0, m + 108 = w + 4*m. Let v = -3 + 14. Calculate the greatest common factor of w and v.
11
Let d be (-8)/2 + (15 - -3). Suppose -3*f - 14 = -5*f. Calculate the highest common factor of d and f.
7
Let y be (66/15 + -3 + -1)*15. Calculate the highest common divisor of y and 66.
6
Let n be (-3)/12 - (-405)/(-12). Let w = n + 47. What is the highest common factor of 39 and w?
13
Suppose -37*z = -40*z + 42. Calculate the greatest common factor of 14 and z.
14
Let f be ((-4)/4*209)/(-1). Suppose -l + 18 = -1. What is the highest common factor of f and l?
19
Let z be (-14)/21 + (-62)/(-3). Calculate the greatest common divisor of 60 and z.
20
Let i = -44 - -69. Suppose -2*c - 4*g + 20 = 0, 2*c - 1 + 5 = 4*g. Let t be (1 + c)*(-3 + 5). Calculate the greatest common factor of i and t.
5
Let f be (-18)/(-4)*10/15. Suppose 196 = -f*g + 7. Let m be (-1)/2 - g/6. What is the greatest common divisor of m and 2?
2
Let w be 2 - 6/(0 + -2). Suppose -3*y + 89 = w*m - 11, -3*y = -m + 2. What is the highest common divisor of m and 17?
17
Suppose -4 = u - 17. Calculate the highest common divisor of u and 1.
1
Suppose 3*i = i - 4*c + 18, -5*i + 12 = -c. Let a be (8/(-6))/((-12)/18). Calculate the highest common factor of a and i.
1
Suppose 41*n + 384 = 49*n. What is the highest common factor of n and 48?
48
Let t = 49 + 38. Calculate the greatest common fac